sands digit of 57109476?
1
What is the ten thousands digit of 2696683348?
8
What is the millions digit of 61841347?
1
What is the hundred thousands digit of 909518467?
5
What is the tens digit of 5799920?
2
What is the ten thousands digit of 58002125?
0
What is the hundreds digit of 78927990?
9
What is the units digit of 1744304414?
4
What is the ten thousands digit of 21553420?
5
What is the ten millions digit of 64879863?
6
What is the tens digit of 128521825?
2
What is the units digit of 1675584586?
6
What is the billions digit of 4255096077?
4
What is the ten thousands digit of 19914385?
1
What is the hundred thousands digit of 57707884?
7
What is the hundreds digit of 608307270?
2
What is the hundred thousands digit of 222086283?
0
What is the ten millions digit of 1969754354?
6
What is the ten thousands digit of 33610806?
1
What is the hundred thousands digit of 41521329?
5
What is the ten thousands digit of 2364179068?
7
What is the hundreds digit of 85642805?
8
What is the tens digit of 21509268?
6
What is the hundred millions digit of 648034617?
6
What is the units digit of 1980484993?
3
What is the hundred millions digit of 573444916?
5
What is the hundreds digit of 231960834?
8
What is the hundred thousands digit of 69272471?
2
What is the ten thousands digit of 44423849?
2
What is the units digit of 808524112?
2
What is the billions digit of 2125061894?
2
What is the tens digit of 17377135?
3
What is the units digit of 6231857?
7
What is the units digit of 42856081?
1
What is the thousands digit of 591398752?
8
What is the ten thousands digit of 85495735?
9
What is the ten thousands digit of 490798612?
9
What is the hundred thousands digit of 192605024?
6
What is the ten thousands digit of 599717256?
1
What is the billions digit of 2255505010?
2
What is the units digit of 346716651?
1
What is the hundred thousands digit of 1099444630?
4
What is the units digit of 1677912908?
8
What is the millions digit of 42131781?
2
What is the millions digit of 971154949?
1
What is the tens digit of 87095067?
6
What is the tens digit of 122264563?
6
What is the ten millions digit of 38673728?
3
What is the hundred thousands digit of 92934629?
9
What is the millions digit of 48233433?
8
What is the thousands digit of 3853671?
3
What is the hundred thousands digit of 2199411006?
4
What is the billions digit of 1111511357?
1
What is the hundreds digit of 775454984?
9
What is the ten thousands digit of 688324908?
2
What is the thousands digit of 5829845801?
5
What is the ten thousands digit of 75520079?
2
What is the units digit of 306802028?
8
What is the units digit of 246568972?
2
What is the hundred millions digit of 103514794?
1
What is the thousands digit of 62140407?
0
What is the ten millions digit of 39595402?
3
What is the hundred thousands digit of 694262581?
2
What is the hundreds digit of 335190323?
3
What is the thousands digit of 124384387?
4
What is the tens digit of 3874694351?
5
What is the ten millions digit of 401195559?
0
What is the units digit of 5639976485?
5
What is the ten millions digit of 40672211?
4
What is the millions digit of 8709508?
8
What is the ten thousands digit of 2007963167?
6
What is the hundred millions digit of 124964743?
1
What is the units digit of 43936348?
8
What is the hundred thousands digit of 52938292?
9
What is the ten millions digit of 5911242781?
1
What is the millions digit of 397577725?
7
What is the hundred thousands digit of 47470669?
4
What is the hundreds digit of 7383951?
9
What is the thousands digit of 17968234?
8
What is the ten millions digit of 69166325?
6
What is the hundred thousands digit of 197708289?
7
What is the hundred millions digit of 321082012?
3
What is the units digit of 4591183528?
8
What is the units digit of 65274110?
0
What is the units digit of 273130564?
4
What is the hundreds digit of 61209754?
7
What is the units digit of 44030206?
6
What is the hundreds digit of 1232293255?
2
What is the ten millions digit of 130593963?
3
What is the tens digit of 104271351?
5
What is the thousands digit of 4801377?
1
What is the thousands digit of 1729596106?
6
What is the tens digit of 91371499?
9
What is the ten millions digit of 689577806?
8
What is the thousands digit of 740010553?
0
What is the hundred millions digit of 245216723?
2
What is the thousands digit of 610432430?
2
What is the billions digit of 7020568705?
7
What is the hundred thousands digit of 1332501494?
5
What is the tens digit of 140311789?
8
What is the millions digit of 1488195859?
8
What is the ten millions digit of 15866518?
1
What is the millions digit of 519850924?
9
What is the millions digit of 1428793499?
8
What is the billions digit of 3190729907?
3
What is the ten millions digit of 105620544?
0
What is the millions digit of 153444216?
3
What is the hundreds digit of 167072956?
9
What is the hundred millions digit of 1434922870?
4
What is the hundred millions digit of 314830343?
3
What is the tens digit of 407449599?
9
What is the thousands digit of 869086427?
6
What is the tens digit of 21706467?
6
What is the ten millions digit of 183478618?
8
What is the ten thousands digit of 292918757?
1
What is the thousands digit of 3790689315?
9
What is the hundreds digit of 2358687000?
0
What is the ten millions digit of 30263639?
3
What is the ten millions digit of 645489152?
4
What is the millions digit of 114213439?
4
What is the billions digit of 1490802451?
1
What is the ten thousands digit of 5675427232?
2
What is the tens digit of 2746554105?
0
What is the ten millions digit of 1100466918?
0
What is the billions digit of 1120599811?
1
What is the tens digit of 62635532?
3
What is the thousands digit of 510463394?
3
What is the ten millions digit of 2235062785?
3
What is the thousands digit of 51562785?
2
What is the units digit of 285002486?
6
What is the ten thousands digit of 101309271?
0
What is the units digit of 657230550?
0
What is the ten thousands digit of 262363792?
6
What is the ten millions digit of 45284047?
4
What is the hundred thousands digit of 31887024?
8
What is the hundred thousands digit of 24870757?
8
What is the ten thousands digit of 2442183937?
8
What is the thousands digit of 1055430272?
0
What is the hundred thousands digit of 34592101?
5
What is the hundred thousands digit of 458993978?
9
What is the ten thousands digit of 74046056?
4
What is the millions digit of 82363464?
2
What is the hundred thousands digit of 280012873?
0
What is the units digit of 71053259?
9
What is the hundreds digit of 21375783?
7
What is the millions digit of 3792609?
3
What is the thousands digit of 4149653291?
3
What is the hundreds digit of 1651157?
1
What is the thousands digit of 1309028799?
8
What is the tens digit of 73531107?
0
What is the hundred millions digit of 714805727?
7
What is the hundreds digit of 61784696?
6
What is the hundred thousands digit of 734349066?
3
What is the units digit of 157156990?
0
What is the ten millions digit of 261372964?
6
What is the ten millions digit of 2588089541?
8
What is the thousands digit of 54537931?
7
What is the hundreds digit of 40655357?
3
What is the hundreds digit of 583668170?
1
What is the ten thousands digit of 46145107?
4
What is the tens digit of 442884648?
4
What is the tens digit of 2688160399?
9
What is the ten thousands digit of 709996823?
9
What is the thousands digit of 26310439?
0
What is the ten millions digit of 231424460?
3
What is the ten millions digit of 12414813?
1
What is the tens digit of 324204696?
9
What is the ten thousands digit of 24687026?
8
What is the units digit of 3955951?
1
What is the thousands digit of 42506512?
6
What is the ten thousands digit of 549097682?
9
What is the ten thousands digit of 733402046?
0
What is the tens digit of 83888284?
8
What is the millions digit of 20099576?
0
What is the ten thousands digit of 2044447921?
4
What is the ten thousands digit of 9804123?
0
What is the ten millions digit of 839894728?
3
What is the units digit of 50758615?
5
What is the hundreds digit of 1749327?
3
What is the hundred millions digit of 2564080568?
5
What is the units digit of 1708257995?
5
What is the hundreds digit of 5833443?
4
What is the ten thousands digit of 5937923?
3
What is the hundred 